 6*m**2 + 355*m - 35. Determine l(16).
13
Let z(b) = 10*b - 50. Calculate z(19).
140
Let o(v) = 163*v + 3422. Give o(-21).
-1
Let n(q) = 2*q**2 - 14*q + 5. Calculate n(7).
5
Let u(w) = -2371*w + 7107. Calculate u(3).
-6
Let r(o) = 44*o + 105. Calculate r(2).
193
Let l(w) = -4*w**2 + 11*w - 18. Determine l(3).
-21
Let u(n) = -n**3 + 32*n**2 + 147*n - 2678. Determine u(34).
8
Let j(z) = z**2 + 68*z - 471. Calculate j(6).
-27
Let s(w) = -5320*w + 37244. Calculate s(7).
4
Let s(p) = -2*p**2 + 63*p - 269. Give s(27).
-26
Let z(j) = -18*j**2 + j - 12. What is z(-3)?
-177
Let i(x) = x**2 + 93*x + 461. Determine i(-88).
21
Let w(o) = -19*o + 49. Calculate w(6).
-65
Let u(y) = 29*y - 376. Calculate u(15).
59
Let c(i) = 7*i - 540. Calculate c(33).
-309
Let r(k) = -87*k + 4355. Give r(50).
5
Let l(k) = 31*k + 592. Give l(-20).
-28
Let o(j) = -j**3 - 12*j**2 + 5*j + 9. What is o(-12)?
-51
Let o(q) = -6*q**3 + 4*q**2 - 4*q + 1. Calculate o(3).
-137
Let x(f) = -f**3 - 39*f**2 + 8*f + 386. Determine x(-39).
74
Let l(a) = -a**2 - 34*a - 185. Give l(-10).
55
Let c(s) = -23*s - 1044. What is c(-49)?
83
Let g(y) = -354*y - 14883. What is g(-42)?
-15
Let m(x) = 10*x + 335. Determine m(-33).
5
Let k(c) = -c**3 - 21*c**2 - 34*c + 64. Give k(-19).
-12
Let l(t) = 2*t**3 - 29*t**2 + 48*t - 14. Calculate l(10).
-434
Let n(l) = -l**3 - 19*l**2 - 756*l - 12279. Give n(-17).
-5
Let s(d) = d**3 - 7*d**2 - 8*d - 2. Give s(6).
-86
Let n(g) = -39*g - 160. Calculate n(6).
-394
Let y(p) = p**3 - 25*p**2 + 23*p - 2. Give y(24).
-26
Let l(q) = -599*q + 9006. Give l(15).
21
Let d(q) = -5*q**2 - 158*q - 492. Calculate d(-3).
-63
Let r(m) = m - 5. Give r(6).
1
Let u(t) = -203*t - 283. Calculate u(-1).
-80
Let f(y) = 31*y**2 - 4*y - 19. Determine f(1).
8
Let l(y) = -2*y**3 + 10*y**2 - 10*y + 43. Give l(5).
-7
Let y(k) = -59*k**2 + 19532*k - 999. What is y(331)?
-6
Let o(d) = 14*d**2 + 70*d + 145. Calculate o(-7).
341
Let r(h) = -2*h**3 + 2*h**2 - 16*h - 30. Determine r(-4).
194
Let l(w) = 9*w**3 + 26*w**2 - 20*w - 77. Determine l(-3).
-26
Let s(g) = -31*g**2 + 28*g + 75. Determine s(-3).
-288
Let n(i) = -10*i + 440. Determine n(30).
140
Let k(m) = -19*m**2 - 37*m + 3. Give k(-2).
1
Let z(v) = 2*v**3 - 226*v**2 - 249*v + 2407. What is z(114)?
13
Let i(u) = -6813*u + 6816. What is i(1)?
3
Let u(v) = 2*v**3 - 11*v**2 - 397*v + 2013. Give u(5).
3
Let y(v) = -v**3 + 45*v**2 + 51*v - 255. Calculate y(46).
-25
Let i(g) = -8*g - 111. Give i(18).
-255
Let u(b) = -b**2 - 41*b - 121. Calculate u(-18).
293
Let a(v) = -21*v**2 - 100*v + 55. What is a(-5)?
30
Let p(r) = 2*r**2 - 59*r + 299. Give p(6).
17
Let x(d) = -11*d**2 - 168*d - 52. Give x(-15).
-7
Let z(p) = -p**2 + 20*p - 141. Determine z(10).
-41
Let s(x) = 17*x - 1049. Calculate s(62).
5
Let b(r) = 26*r + 132. Determine b(-5).
2
Let u(w) = -25*w - 521. Calculate u(-20).
-21
Let n(a) = -2*a**3 - 6*a**2 - a - 7. What is n(-5)?
98
Let r(n) = -n**3 + 39*n**2 - 49*n - 124. Give r(38).
-542
Let z(m) = -24*m**2 - 132*m + 41. Calculate z(-7).
-211
Let f(p) = p**2 + 28*p + 35. Calculate f(-27).
8
Let r(h) = 6*h**2 - 358*h + 580. Calculate r(58).
0
Let a(n) = -n**2 + 66*n - 785. Calculate a(18).
79
Let t(b) = -115*b + 11336. Calculate t(98).
66
Let a(d) = d**3 - 7*d**2 - 11*d - 7. Give a(5).
-112
Let i(f) = -1055*f - 2116. Calculate i(-2).
-6
Let g(p) = 2*p**3 + 9. Calculate g(-2).
-7
Let r(t) = 87*t - 2967. Calculate r(34).
-9
Let t(a) = 34*a + 282. Give t(-9).
-24
Let h(f) = f**3 + 42*f**2 - 89*f - 125. What is h(-44)?
-81
Let h(u) = u**3 + 6*u**2 + 8*u + 32. What is h(-5)?
17
Let a(u) = 2*u**3 - 5*u**2 - 80*u + 407. Determine a(5).
132
Let a(u) = -26*u - 1072. What is a(-40)?
-32
Let q(c) = 12*c**3 - 7*c + 10. Determine q(2).
92
Let r(t) = 438*t - 3. Determine r(0).
-3
Let f(k) = -6994*k - 27972. Calculate f(-4).
4
Let c(p) = p**3 + 43*p**2 - 248*p - 382. Give c(-48).
2
Let x(n) = -14*n**2 - 658*n + 62. What is x(-47)?
62
Let w(i) = -3*i**2 - 33*i + 203. What is w(5)?
-37
Let f(r) = 11800*r**2 + 23594*r + 1. Give f(-2).
13
Let b(x) = 2*x**3 - 256*x**2 - 6*x + 781. What is b(128)?
13
Let x(s) = -151*s - 85. What is x(3)?
-538
Let y(t) = 35*t - 1487. Calculate y(43).
18
Let y(c) = -c**3 - 6*c**2 + 4*c - 42. Determine y(-8).
54
Let z(k) = -k**3 - 14*k**2 - k - 14. Determine z(-14).
0
Let p(w) = -w**3 - 26*w**2 - 4*w + 8. Calculate p(-26).
112
Let o(m) = -89*m**2 + 260*m + 6. Determine o(3).
-15
Let o(z) = -14*z**2 - 6289*z - 6289. Give o(-1).
-14
Let a(i) = -101*i**3 - 13*i**2 - 12*i + 1. What is a(-1)?
101
Let t(h) = -h**2 + 51*h - 523. What is t(11)?
-83
Let z(j) = -131*j + 2102. What is z(16)?
6
Let w(g) = -3*g**2 + 47*g - 9. Determine w(15).
21
Let h(x) = -x**2 - 68*x + 107. Calculate h(-60).
587
Let h(i) = 2*i**3 - 31*i**2 + 20*i - 68. What is h(15)?
7
Let h(k) = k**2 - 4*k + 5. Calculate h(3).
2
Let p(c) = -7*c**2 - 49*c + 314. Determine p(-11).
6
Let j(u) = -u**3 - 36*u**2 + 641*u + 120. Calculate j(-49).
-76
Let h(v) = 13*v**2 - 184*v - 17. Give h(10).
-557
Let r(y) = y**3 - 73*y**2 + 399*y + 186. Calculate r(67).
-15
Let s(o) = 3*o**2 - 35*o - 20. What is s(17)?
252
Let o(r) = -r**3 - 10*r**2 + 27*r - 3. Determine o(-12).
-39
Let f(c) = c**2 + 31*c + 119. What is f(-5)?
-11
Let c(i) = i**2 + 99*i + 2362. Calculate c(-62).
68
Let b(p) = 3*p**2 + 686*p + 5979. Give b(-9).
48
Let f(t) = 2*t**2 + 50*t - 774. What is f(-36)?
18
Let y(s) = 121*s + 5051. Determine y(-39).
332
Let y(r) = -2*r**2 - 221*r - 670. Give y(-3).
-25
Let b(d) = -27*d + 204. Determine b(7).
15
Let z(c) = 17648*c + 88234. Calculate z(-5).
-6
Let d(l) = -2*l**3 + 408*l**2 + 17279*l + 241. What is d(240)?
1
Let h(n) = -22*n - 66. Determine h(-3).
0
Let n(m) = -m**2 + 369*m + 58686. What is n(-120)?
6
Let q(v) = -13*v**2 - 16*v + 8. What is q(-3)?
-61
Let b(q) = -5*q**2 - 59*q + 14. What is b(-15)?
-226
Let o(g) = -154*g - 3998. What is o(-26)?
6
Let x(m) = 69*m - 1136. Give x(16).
-32
Let c(n) = -5*n**2 + 275*n + 190. Determine c(56).
-90
Let b(c) = 32*c**2 - 15*c - 12. Give b(-1).
35
Let m(n) = -1621*n + 9724. Determine m(6).
-2
Let k(m) = 14*m**3 + 15*m**2 - 3. Determine k(-2).
-55
Let y(h) = 44*h**3 - h**2 + 11*h - 9. Give y(2).
361
Let u(y) = y**2 + 282*y + 2716. Determine u(-10).
-4
Let s(a) = -a**2 + 6*a + 4. Give s(9).
-23
Let c(q) = q**3 + 129*q**2 - 259*q + 418. Calculate c(-131).
25
Let f(w) = 5*w**2 - 1066*w - 2135. Determine f(-2).
17
Let t(z) = -2097*z + 50324. Determine t(24).
-4
Let l(m) = -m**3 + 14*m**2 + 438*m - 90. Give l(29).
-3
Let u(y) = 2*y**3 - 17*y**2 + 8*y + 17. Calculate u(8).
17
Let z(g) = -g**2 - 351*g - 3407. Give z(-10).
3
Let a(q) = 69*q + 4187. Calculate a(-61).
-22
Let k(f) = f**3 - 99*f**2 - 200*f - 215. Determine k(101).
-13
Let i(z) = 41*z**2 - 252*z + 95. Give i(6).
59
Let d(z) = z**3 - z**2 + 19*z - 16. Determine d(5).
179
Let r(q) = -41*q + 202. Determine r(6).
-44
Let a(p) = -p**2 + 33*p + 274. What is a(38)?
84
Let o(g) = 547*g + 8755. Calculate o(-16).
3
Let j(n) = -24*n + 13. Calculate j(-4).
109
Let j(f) = -f**2 + 38*f + 2045. Give j(-30).
5
Let f(i) = 2*i**2 - 6*i - 7. Determine f(5).
13
Let n(x) = x**3 - 8*x**2 + 3*x - 13. Determine n(8).
11
Let s(f) = -9*f**2 + 153*f - 478. Give s(13).
-10
Let u(i) = -4*i**2 - 67*i + 14. Calculate u(-17).
-3
Let l(i) = 11*i**3 + i**2 + 20*i + 19. Determine l(-1).
-11
Let w(x) = 17*x**3 + x**2 - 4*x - 21. What is w(-3)?
-459
Let u(w) = -408*w - 4892. Determine u(-12).
4
Let b(u) = -113*u + 651. Calculate b(4).
199
Let v(t) = -t**2 - 11*t - 42. Determine v(-14).
-84
Let s(u) = 2*u**2 + 135*u + 2131. What is s(-42)?
-11
Let j(k) = k**2 - 1060*k + 26897. What is j(26)?
13
Let j(i) = -3*i**2 + 33*i + 232. Give j(-10).
-398
Let t(g) = -11*g + 147. Give t(11).
26
Let m(v) = -1977*v + 1876. Determine m(1).
-101
Let b(h) = 401*h + 17642. What is b(-44)?
-2
Let u(h) = -46*h + 415. Give u(7).
93
Let y(a) = -199*a - 4843. Calculate y(-24).
-67
Let l(m) = m**2 + 57*m - 986. Calculate l(14).
8
Let x(w) = -40*w**2 + 231*w + 46. What is x(6)?
-8
Let u(j) = -9*j + 74. Give u(-10).
164
Let o(c) = -c**3 - 71*c**2 - 49*c + 1310. Calculate o(-70).
-160
Let s(v) = v**3 - 8*v**2 + 11*v - 174. Give s(9).
6
Let t(c) = -14*c**2 - 26*c - 25. Give t(-1).
-13
Let n(q) = 805*q - 6497. Calculate n(8).
-57
Let a(r) = 210*